
52110b (base 15) to base 9
7306152
-ab22 (base 14) to base 6
-345054
-118b47 (base 12) to base 13
-9c976
What is -1161516 (base 9) in base 4?
-2122003131
Convert 100000000111010001001101 (base 2) to base 9.
16750756
Convert 1220441241 (base 5) to base 6.
142140513
What is -7b7a2 (base 14) in base 5?
-34104420
Convert 91712 (base 10) to base 5.
10413322
Convert -11726764 (base 8) to base 16.
-27adf4
What is 572820 (base 9) in base 6?
11205200
Convert -23c09a (base 15) to base 5.
-414230040
Convert 2707747 (base 8) to base 3.
1102111102021
What is 441333422 (base 5) in base 11?
108a300
What is 1fd354 (base 16) in base 6?
112412032
What is 429cae (base 15) in base 4?
30012122111
-4e5be2 (base 15) to base 9
-7068645
Convert 120001303321 (base 4) to base 11.
3612489
33322111 (base 4) to base 12
31871
What is 12222122210 (base 3) in base 10?
117849
-102133113 (base 4) to base 13
-2861a
Convert -155330331 (base 6) to base 10.
-3339919
92191 (base 12) to base 14
4d513
Convert 46b53a (base 12) to base 5.
242431033
What is -39b31 (base 13) in base 9?
-173233
14d004 (base 15) to base 14
1c2758
Convert -4425343 (base 6) to base 15.
-45990
What is -12011010102 (base 3) in base 4?
-120300233
-230aa8 (base 11) to base 15
-73ca3
Convert -35e86 (base 15) to base 7.
-1314351
100000101010010000001 (base 2) to base 15
162174
101111101100011010010 (base 2) to base 16
17d8d2
What is 3233233 (base 10) in base 4?
30111113101
Convert -1222620 (base 7) to base 12.
-76a83
What is -1403124 (base 7) in base 15?
-3a183
-11823 (base 16) to base 15
-163b0
-434033325 (base 6) to base 14
-105a27b
Convert 3d9af0 (base 16) to base 13.
ab4892
Convert -30a564 (base 12) to base 10.
-764572
What is -271ab8 (base 15) in base 13?
-50a2b7
What is -111001111011010000 (base 2) in base 15?
-4a479
-5824d1 (base 14) to base 5
-1232043103
Convert -10011011121 (base 3) to base 2.
-1111001010001001
-1432048 (base 9) to base 14
-167686
2441410 (base 5) to base 2
1011010110010000
-30124221 (base 6) to base 12
-350671
Convert 198ca7 (base 14) to base 13.
25a3b8
What is -60b87 (base 16) in base 10?
-396167
Convert 732927 (base 10) to base 4.
2302323333
What is 1c3efe (base 16) in base 10?
1851134
-1295033 (base 10) to base 16
-13c2b9
Convert -21102000201 (base 4) to base 8.
-11220041
What is 5313351 (base 10) in base 11?
2aa9aaa
What is 11000010110010111010 (base 2) in base 10?
797882
Convert 1200430421 (base 5) to base 16.
29f1bd
Convert -101111100011111101 (base 2) to base 4.
-233203331
Convert 606321 (base 8) to base 11.
1271a8
Convert 62840 (base 11) to base 16.
16580
Convert -32202000310 (base 4) to base 10.
-3809332
8d077 (base 14) to base 9
572577
-30225 (base 6) to base 13
-1a6c
What is 46006167 (base 8) in base 4?
212000301313
1101010110001010 (base 2) to base 12
27776
Convert -13743b (base 12) to base 8.
-1170257
-40100241 (base 5) to base 12
-132840
Convert 13114430 (base 5) to base 8.
374525
-10101011101100110 (base 2) to base 4
-111131212
What is 1102212022222 (base 3) in base 2?
10111010110000100011
200212001001 (base 3) to base 13
ccba4
What is -115622 (base 8) in base 2?
-1001101110010010
-8308c (base 15) to base 11
-263a97
What is 29797 (base 13) in base 6?
1402014
Convert -100000111110010001010110 (base 2) to base 11.
-4974132
Convert -10111010110100101101101 (base 2) to base 13.
-13645b7
Convert 21330240 (base 5) to base 9.
308260
What is 7a1ad (base 14) in base 7?
2344006
What is -50384 (base 11) in base 4?
-101332330
353290 (base 12) to base 4
3100323030
31112122130 (base 4) to base 13
956c1b
What is 620378 (base 14) in base 15?
454180
522606 (base 7) to base 5
10333243
Convert f79de (base 16) to base 12.
40ab3a
-5375521 (base 10) to base 6
-311114401
Convert 10000111211011 (base 3) to base 4.
12013230232
-119b9ca (base 13) to base 16
-53a22d
Convert -303102332 (base 4) to base 14.
-567dc
-221122210111212 (base 3) to base 16
-d012df
Convert 93ea0a (base 15) to base 9.
14213221
22333201122 (base 4) to base 12
b6b736
14145521 (base 7) to base 11
8236a6
17044802 (base 9) to base 11
48a8961
Convert 555550431 (base 6) to base 2.
100110011100000110010011
What is -100100010101001110000 (base 2) in base 15?
-187b27
What is -87cd6e (base 15) in base 16?
-62c4c8
Convert 76556b (base 15) to base 16.
560564
-572042 (base 10) to base 2
-10001011101010001010
1111100000111111011 (base 2) to base 4
1330013323
Convert -252355 (base 6) to base 13.
-a3a0
-172 (base 14) to base 16
-128
Convert 519409 (base 10) to base 3.
222101111101
-1302427 (base 15) to base 12
-46b6731
Convert -1001011001010101 (base 2) to base 7.
-220126
-36225446 (base 7) to base 5
-1310420014
What is 774c7d (base 14) in base 3?
21121121121022
20212043 (base 5) to base 15
33633
What is -23ca85 (base 13) in base 12?
-353754
What is -1100121122221 (base 3) in base 12?
-2a9114
Convert -111002001221020 (base 3) to base 15.
-9241a9
What is 8782 (base 15) in base 9?
43325
1001020321 (base 4) to base 14
6d33b
What is 100010110101110 (base 2) in base 16?
45ae
Convert -10122022200 (base 3) to base 15.
-16386
25032055 (base 6) to base 2
11000010101101000011
What is -563088 (base 9) in base 2?
-1010010001111101110
Convert 1114516 (base 7) to base 5.
13412422
-127516 (base 9) to base 6
-1355410
Convert 14247665 (base 9) to base 16.
6bb523
What is -3152601 (base 10) in base 4?
-30001223121
69a0b (base 12) to base 9
234882
-101022021012 (base 3) to base 7
-1503263
-1640002 (base 8) to base 10
-475138
What is -858723 (base 9) in base 3?
-221222210210
What is -16da86 (base 15) in base 11?
-698544
385672 (base 14) to base 2
111011000100110110100
-15aa645 (base 13) to base 15
-931a35
3a376 (base 12) to base 5
10030020
Convert -201000122 (base 3) to base 11.
-a468
8817924 (base 10) to base 16
868d04
-2330023 (base 5) to base 9
-64276
202401300 (base 6) to base 7
41420232
-132313201 (base 4) to base 9
-212381
41789 (base 13) to base 10
117737
Convert 12013320 (base 4) to base 15.
7670
Convert a8a23b (base 12) to base 4.
22030103033
10011001000011011000101 (base 2) to base 13
10679c6
What is -2122222022221 (base 3) in base 5?
-330313223
What is 122012201200 (base 3) in base 8?
1225543
What is 389d27 (base 14) in base 7?
22362350
-10333011 (base 6) to base 8
-1131137
What is -5450103 (base 7) in base 10?
-667530
Convert 22324 (base 7) to base 12.
3331
-102021121101020 (base 3) to base 8
-26676064
What is 2131021233 (base 4) in base 2?
10011101001001101111
4cd8ac (base 16) to base 14
9514cc
What is 2503125 (base 7) in base 10?
320430
Convert -12f21 (base 16) to base 2.
-10010111100100001
What is 5378 (base 16) in base 8?
51570
Convert 3130100122 (base 4) to base 3.
1200211112201
-d0524 (base 15) to base 4
-2200331110
Convert -488672 (base 12) to base 6.
-41112222
-320201003122 (base 4) to base 11
-83aa081
Convert -6b93ba (base 12) to base 6.
-101122354
What is -2022928 (base 12) in base 16?
-5bd4b0
Convert 120100222210 (base 4) to base 6.
344151044
Convert 30143355 (base 6) to base 3.
1121100212022
What is 14526724 (base 8) in base 9?
6221863
Convert 3552146 (base 7) to base 6.
13350112
-303203100 (base 4) to base 3
-101201122110
What is 1956cd (base 14) in base 6?
31132221
-b4a32 (base 15) to base 4
-2023310000
Convert 395a2 (base 12) to base 14.
20906
What is 5552616 (base 7) in base 10?
685278
Convert -1335946 (base 11) to base 2.
-1000110011000101111111
31211313 (base 4) to base 14
16407
What is -4062081 (base 12) in base 7?
-204416026
Convert 110110111110010 (base 2) to base 8.
66762
What is -111110110101110001 (base 2) in base 8?
-766561
-111022002002 (base 3) to base 11
-169740
Convert -223020013100 (base 4) to base 14.
-17040a4
Convert 13132123 (base 6) to base 13.
121869
What is -110010001000010101110011 (base 2) in base 4?
-302020111303
-1cb575 (base 13) to base 5
-142123013
What is 4506475 (base 8) in base 11?
7604a8
Convert -1129598 (base 14) to base 8.
-37125022
-21222322101 (base 4) to base 6
-130200213
-3c302b (base 14) to base 2
-111111100011110101111
What is -29438 (base 13) in base 2?
-10010111100110010
-665268 (base 13) to base 3
-11112110122000
-1212120202110 (base 3) to base 13
-28b246
Convert 1022230003 (base 4) to base 5.
34242143
What is -1270424 (base 11) in base 10?
-2196660
Convert a26613 (base 15) to base 5.
34334